) = -132*i**3 - 14*i**2 + 12*i - 1. Give v(1).
-135
Let o(j) = 26622*j - 106495. Determine o(4).
-7
Let o(l) = 2*l**2 - 24*l - 822. Calculate o(27).
-12
Let x(n) = -3*n**2 + 10*n + 14. Determine x(-6).
-154
Let w(i) = -i**3 + 14*i**2 + 210*i - 742. What is w(22)?
6
Let w(m) = 2*m**2 - 256*m + 2318. What is w(118)?
-42
Let t(m) = -1869*m + 31763. Give t(17).
-10
Let g(m) = 2*m**2 - 7*m - 50. What is g(9)?
49
Let u(r) = -r**3 + 84*r - 269. Calculate u(5).
26
Let c(t) = 2*t**2 - 9*t - 22. What is c(-3)?
23
Let b(q) = -18*q**2 - 889*q - 8517. Give b(-13).
-2
Let j(s) = -6*s**3 - 6*s**2 + 34*s - 53. Calculate j(2).
-57
Let l(b) = -b**3 + 34*b**2 - 57*b + 1980. What is l(34)?
42
Let a(c) = -5*c**3 + 35*c**2 + 7*c - 51. Calculate a(7).
-2
Let x(s) = -1189*s + 27335. Determine x(23).
-12
Let y(t) = -11*t**2 - 12*t - 143. Give y(5).
-478
Let d(q) = 2*q**3 + 36*q**2 - 127*q - 21. What is d(-21)?
0
Let b(a) = -a**3 + 16*a**2 + 5*a + 103. Give b(16).
183
Let j(g) = -141*g - 13. Calculate j(1).
-154
Let q(i) = i**3 + 12*i**2 + 23*i + 17. Calculate q(-9).
53
Let y(u) = -2*u + 9. Calculate y(-7).
23
Let s(a) = -190*a - 2296. Determine s(-12).
-16
Let f(c) = -c**3 - 33*c**2 + 67*c - 108. Give f(-35).
-3
Let g(w) = -59*w - 21. What is g(-5)?
274
Let j(g) = 4*g + 117. Determine j(-5).
97
Let s(a) = 343*a + 2059. Calculate s(-6).
1
Let g(u) = u**3 - 36*u**2 + 89*u + 313. Determine g(33).
-17
Let q(h) = -2*h**2 + 9*h + 4. Determine q(7).
-31
Let z(h) = 360*h - 1428. Calculate z(4).
12
Let p(j) = -j**3 + 6*j**2 - 16*j + 68. What is p(5)?
13
Let p(w) = 38250*w - 3. Give p(0).
-3
Let g(a) = -a**3 - 3*a**2 - 4*a - 35. What is g(-6)?
97
Let k(d) = 13*d - 583. What is k(57)?
158
Let v(a) = -a**3 - 14*a**2 - 45*a + 21. Determine v(-8).
-3
Let o(g) = -2*g**3 - 216*g**2 - 212*g + 201. Give o(-107).
-13
Let y(r) = r**3 - 114*r**2 + 1323*r - 1004. Give y(101).
6
Let p(k) = 75*k + 4. Give p(0).
4
Let u(q) = -4*q**2 - 7*q + 53. Calculate u(3).
-4
Let f(l) = -2*l**3 + 11*l**2 - 6. What is f(7)?
-153
Let s(l) = 3*l**2 - 216*l - 190. Give s(72).
-190
Let o(t) = -132*t + 459. Determine o(4).
-69
Let y(n) = 7*n + 178. What is y(-29)?
-25
Let r(n) = n**3 + 17*n**2 + 29*n + 5. Give r(-2).
7
Let f(k) = k**2 - 55*k - 714. What is f(66)?
12
Let i(p) = -120*p + 1203. Determine i(10).
3
Let w(y) = 3*y**3 + 113*y**2 + 777*y + 18. Calculate w(-9).
-9
Let z(q) = -244*q**3 - 11*q**2 + 13*q - 2. What is z(1)?
-244
Let d(b) = -1192*b**2 + 3568*b + 5. Determine d(3).
-19
Let m(k) = -k**3 + 21*k**2 + 25*k + 121. Calculate m(22).
187
Let n(o) = 15*o**3 - 44*o**2 - 25*o + 63. Determine n(3).
-3
Let g(c) = -2*c**3 + 65*c**2 - 89*c - 125. Give g(31).
-1
Let o(z) = 21*z - 87. Calculate o(5).
18
Let k(y) = -2*y**3 - 5*y**2 + 52*y + 23. Determine k(-8).
311
Let w(n) = n**2 - 105*n - 1097. Determine w(-9).
-71
Let m(p) = -19*p**2 + 474*p + 55. Determine m(25).
30
Let h(j) = -j**2 - 47*j - 210. Give h(-39).
102
Let r(m) = -32*m - 61. What is r(-2)?
3
Let r(o) = -o**2 + 178*o - 7936. Calculate r(95).
-51
Let p(r) = -228*r**2 + 22*r + 23. Give p(-1).
-227
Let r(z) = -z**2 - 59*z - 178. Give r(-53).
140
Let s(t) = t**3 - 18*t**2 - 38*t - 49. Determine s(20).
-9
Let f(h) = -98*h - 10035. Determine f(-102).
-39
Let y(m) = 889*m + 9781. Give y(-11).
2
Let x(w) = 4*w**2 - 13*w - 2. What is x(5)?
33
Let f(p) = -2*p**3 - 22*p**2 - 23*p - 43. Calculate f(-9).
-160
Let o(p) = -20*p + 440. Give o(19).
60
Let x(g) = 50*g - 1154. Calculate x(23).
-4
Let u(v) = -1490*v + 17893. Determine u(12).
13
Let b(c) = 38*c**2 - 82*c + 2. Give b(2).
-10
Let h(z) = -z**2 - 28*z - 152. Determine h(-21).
-5
Let w(r) = -25*r**2 + 122*r + 2. What is w(5)?
-13
Let v(y) = y**3 - 82*y**2 - 20*y + 1. Give v(0).
1
Let q(i) = 2*i**3 - 120*i**2 - i + 64. Determine q(60).
4
Let h(y) = 97*y + 73. Determine h(-1).
-24
Let w(f) = -39*f + 1469. Give w(38).
-13
Let w(p) = -203*p + 17857. What is w(88)?
-7
Let h(f) = -f**3 - 54*f**2 + 7*f + 374. What is h(-54)?
-4
Let u(q) = -q**2 + 146*q - 3479. Calculate u(30).
1
Let u(m) = 8*m**2 - 217*m + 24. Calculate u(27).
-3
Let y(b) = 17*b**2 + 200*b - 97. Calculate y(-13).
176
Let p(r) = -235*r - 16489. What is p(-70)?
-39
Let i(m) = -1232*m - 41895. Determine i(-34).
-7
Let b(v) = v**2 - 202*v + 8343. Determine b(58).
-9
Let f(l) = -213*l + 1. What is f(-1)?
214
Let t(r) = -r**3 + 7*r**2 - 6*r + 40. Determine t(4).
64
Let x(n) = 35*n**2 - 323*n + 104. Determine x(9).
32
Let c(h) = h**3 + 2*h**2 + 14*h + 8. Give c(0).
8
Let w(d) = 2341*d - 77253. Determine w(33).
0
Let w(c) = 4127*c - 4132. Give w(1).
-5
Let m(c) = -c**3 - 3*c**2 + 5*c + 29. Give m(7).
-426
Let l(o) = 2*o**2 + 12*o - 799. Determine l(17).
-17
Let s(l) = -49*l - 2013. Calculate s(-41).
-4
Let v(g) = 6*g**2 - 55*g + 26. Determine v(10).
76
Let s(a) = -99*a + 3555. Give s(36).
-9
Let z(k) = -924*k**3 + k**2 + 20*k - 21. Give z(1).
-924
Let n(k) = -22*k**2 - 87*k - 174. Give n(-2).
-88
Let o(n) = n**2 - 1401*n + 4205. Give o(3).
11
Let w(z) = -3*z**3 + 35*z**2 + 16*z - 4. What is w(12)?
44
Let z(t) = -9*t + 158. Calculate z(22).
-40
Let r(o) = 28*o - 52. Determine r(4).
60
Let u(r) = r**3 + 11*r**2 + 18*r + 207. Give u(-11).
9
Let p(m) = 49*m + 49. Calculate p(-3).
-98
Let v(i) = i**3 - 10*i**2 + 2*i + 28. What is v(9)?
-35
Let p(z) = 235*z - 2131. Calculate p(9).
-16
Let r(q) = 3*q**2 - 64*q - 57. Calculate r(24).
135
Let i(b) = 117*b - 5962. Give i(51).
5
Let a(r) = -15*r**2 + 239*r + 23. Give a(16).
7
Let p(d) = 2*d**3 + 50*d**2 + 129*d - 6. Calculate p(-3).
3
Let v(r) = 3*r**2 - 2*r - 22. Determine v(0).
-22
Let b(t) = 487*t - 990. Calculate b(2).
-16
Let l(i) = -100*i - 30. What is l(-2)?
170
Let c(i) = 61*i + 188. What is c(-7)?
-239
Let s(u) = 148*u + 18. Determine s(-1).
-130
Let m(u) = -u**3 - 21*u**2 + 47*u + 52. Calculate m(-23).
29
Let a(u) = 79*u + 243. What is a(-6)?
-231
Let a(i) = i**2 - 9*i - 53. Determine a(-4).
-1
Let k(s) = 8*s**2 - 6*s - 10. Determine k(-2).
34
Let v(q) = q**3 - 21*q**2 - 89*q + 41. Calculate v(25).
316
Let r(f) = 4*f - 329. Give r(65).
-69
Let u(x) = 49*x - 1001. Determine u(20).
-21
Let a(q) = -172*q - 70. Determine a(-2).
274
Let r(b) = 694*b - 73571. Calculate r(106).
-7
Let i(h) = -2*h**2 - 14*h + 239. Calculate i(-17).
-101
Let f(q) = -11*q + 44. Determine f(6).
-22
Let x(n) = -2*n**2 - 2459*n + 62730. Calculate x(25).
5
Let p(s) = -129*s - 183. Determine p(-3).
204
Let a(o) = 2640*o + 78. Calculate a(0).
78
Let y(a) = 1919*a + 17273. What is y(-9)?
2
Let a(x) = x**2 - 63*x - 514. Calculate a(-7).
-24
Let i(t) = 81*t**2 + 800*t - 15. What is i(-10)?
85
Let u(v) = -30*v + 1340. What is u(45)?
-10
Let k(i) = -i**3 + 65*i**2 - 175*i - 394. What is k(62)?
288
Let s(b) = 17*b - 23. Give s(12).
181
Let x(g) = -2*g**2 + 118*g - 21. Give x(55).
419
Let n(j) = 16*j**3 - 111*j**2 - 5*j - 17. What is n(7)?
-3
Let m(r) = -991*r - 1984. Give m(-2).
-2
Let y(l) = 2*l + 168. What is y(-43)?
82
Let s(f) = 80*f + 129. Give s(-2).
-31
Let w(z) = 2*z**3 - 5*z**2 + 17*z - 17. Give w(2).
13
Let b(n) = 3*n**2 - 349*n + 49. Give b(116).
-67
Let m(b) = -3*b**2 - 94*b - 602. Calculate m(-9).
1
Let q(o) = o**3 - 88*o**2 + 23*o - 2037. Calculate q(88).
-13
Let y(t) = t**2 - 19*t - 1610. Give y(51).
22
Let b(k) = -k**2 - 1647*k - 46916. What is b(-29)?
6
Let f(q) = -q**3 - 10*q**2 + 2*q + 103. Calculate f(-10).
83
Let m(a) = -a**3 - 45*a**2 - 41*a + 137. Give m(-44).
5
Let r(t) = 3*t**3 - 7*t**2 - 49*t + 45. Determine r(-5).
-260
Let p(u) = u**2 - 26*u + 170. Determine p(16).
10
Let d(h) = -14*h**3 - 6*h**2 - 4*h + 6. What is d(-2)?
102
Let p(o) = o**3 - 10*o**2 + 11*o + 23. Calculate p(7).
-47
Let v(j) = 157*j + 714. Determine v(-1).
557
Let w(d) = 370*d + 5895. Calculate w(-16).
-25
Let h(f) = -11*f**2 - 23*f - 69. Calculate h(-8).
-589
Let n(q) = 5*q**2 + 209*q + 1462. What is n(-9)?
-14
Let f(s) = 44*s - 15. Determine f(-3).
-147
Let v(d) = 17*d**2 - 53*d + 11. Determine v(3).
5
Let v(m) = -3*m**2 - 244*m - 1165. Determine v(-5).
-20
Let v(z) = 304*z - 1411. Determine v(6).
413
Let y(g) = 1180*g + 40125. What is y(-34)?
5
Let c(p) = -p**2 - 89*p - 711. Calculate c(-80).
9
Let r(w) = 98*w**2 + 11*w + 10. Give r(-1).
97
Let n(s) = -100*s**2 + 1304*s + 12. What is n(13)?
64
Let w(g) = g**2 + 339*g + 1002. What is w(-3)?
